[INFO] cloning repository https://github.com/linkpy/neoshell
[INFO] running `Command { std: "git" "-c" "credential.helper=" "-c" "credential.helper=/workspace/cargo-home/bin/git-credential-null" "clone" "--bare" "https://github.com/linkpy/neoshell" "/workspace/cache/git-repos/https%3A%2F%2Fgithub.com%2Flinkpy%2Fneoshell", kill_on_drop: false }`
[INFO] [stderr] Cloning into bare repository '/workspace/cache/git-repos/https%3A%2F%2Fgithub.com%2Flinkpy%2Fneoshell'...
[INFO] running `Command { std: "git" "rev-parse" "HEAD", kill_on_drop: false }`
[INFO] [stdout] df0c855a865c55fde473f18bcf9874b8dff4c3b2
[INFO] building linkpy/neoshell against master#ff34b919075f35a1787659e9c448a34b06bab8de for issue-85264
[INFO] running `Command { std: "git" "clone" "/workspace/cache/git-repos/https%3A%2F%2Fgithub.com%2Flinkpy%2Fneoshell" "/workspace/builds/worker-15/source", kill_on_drop: false }`
[INFO] [stderr] Cloning into '/workspace/builds/worker-15/source'...
[INFO] [stderr] done.
[INFO] validating manifest of git repo https://github.com/linkpy/neoshell on toolchain ff34b919075f35a1787659e9c448a34b06bab8de
[INFO] running `Command { std: "/workspace/cargo-home/bin/cargo" "+ff34b919075f35a1787659e9c448a34b06bab8de" "metadata" "--manifest-path" "Cargo.toml" "--no-deps", kill_on_drop: false }`
[INFO] started tweaking git repo https://github.com/linkpy/neoshell
[INFO] finished tweaking git repo https://github.com/linkpy/neoshell
[INFO] tweaked toml for git repo https://github.com/linkpy/neoshell written to /workspace/builds/worker-15/source/Cargo.toml
[INFO] crate git repo https://github.com/linkpy/neoshell already has a lockfile, it will not be regenerated
[INFO] running `Command { std: "/workspace/cargo-home/bin/cargo" "+ff34b919075f35a1787659e9c448a34b06bab8de" "fetch" "--manifest-path" "Cargo.toml", kill_on_drop: false }`
[INFO] running `Command { std: "docker" "create" "-v" "/var/lib/crater-agent-workspace/builds/worker-15/target:/opt/rustwide/target:rw,Z" "-v" "/var/lib/crater-agent-workspace/builds/worker-15/source:/opt/rustwide/workdir:ro,Z" "-v" "/var/lib/crater-agent-workspace/cargo-home:/opt/rustwide/cargo-home:ro,Z" "-v" "/var/lib/crater-agent-workspace/rustup-home:/opt/rustwide/rustup-home:ro,Z" "-e" "SOURCE_DIR=/opt/rustwide/workdir" "-e" "CARGO_TARGET_DIR=/opt/rustwide/target" "-e" "CARGO_HOME=/opt/rustwide/cargo-home" "-e" "RUSTUP_HOME=/opt/rustwide/rustup-home" "-w" "/opt/rustwide/workdir" "-m" "1610612736" "--user" "0:0" "--network" "none" "ghcr.io/rust-lang/crates-build-env/linux@sha256:20528e8c29e4536546f0102ce88568b16ea7538393a33fcca951030f7af10457" "/opt/rustwide/cargo-home/bin/cargo" "+ff34b919075f35a1787659e9c448a34b06bab8de" "metadata" "--no-deps" "--format-version=1", kill_on_drop: false }`
[INFO] [stdout] a739b4aaf1652f8e0504e72a81b9e7a7d085242d018dc57d4ca1c99b86c350d2
[INFO] [stderr] WARNING: Your kernel does not support swap limit capabilities or the cgroup is not mounted. Memory limited without swap.
[INFO] running `Command { std: "docker" "start" "-a" "a739b4aaf1652f8e0504e72a81b9e7a7d085242d018dc57d4ca1c99b86c350d2", kill_on_drop: false }`
[INFO] running `Command { std: "docker" "inspect" "a739b4aaf1652f8e0504e72a81b9e7a7d085242d018dc57d4ca1c99b86c350d2", kill_on_drop: false }`
[INFO] running `Command { std: "docker" "rm" "-f" "a739b4aaf1652f8e0504e72a81b9e7a7d085242d018dc57d4ca1c99b86c350d2", kill_on_drop: false }`
[INFO] [stdout] a739b4aaf1652f8e0504e72a81b9e7a7d085242d018dc57d4ca1c99b86c350d2
[INFO] running `Command { std: "docker" "create" "-v" "/var/lib/crater-agent-workspace/builds/worker-15/target:/opt/rustwide/target:rw,Z" "-v" "/var/lib/crater-agent-workspace/builds/worker-15/source:/opt/rustwide/workdir:ro,Z" "-v" "/var/lib/crater-agent-workspace/cargo-home:/opt/rustwide/cargo-home:ro,Z" "-v" "/var/lib/crater-agent-workspace/rustup-home:/opt/rustwide/rustup-home:ro,Z" "-e" "SOURCE_DIR=/opt/rustwide/workdir" "-e" "CARGO_TARGET_DIR=/opt/rustwide/target" "-e" "CARGO_INCREMENTAL=0" "-e" "RUST_BACKTRACE=full" "-e" "RUSTFLAGS=--cap-lints=forbid" "-e" "CARGO_HOME=/opt/rustwide/cargo-home" "-e" "RUSTUP_HOME=/opt/rustwide/rustup-home" "-w" "/opt/rustwide/workdir" "-m" "1610612736" "--user" "0:0" "--network" "none" "ghcr.io/rust-lang/crates-build-env/linux@sha256:20528e8c29e4536546f0102ce88568b16ea7538393a33fcca951030f7af10457" "/opt/rustwide/cargo-home/bin/cargo" "+ff34b919075f35a1787659e9c448a34b06bab8de" "build" "--frozen" "--message-format=json", kill_on_drop: false }`
[INFO] [stdout] 2c5b37872a824f050c995cc11a62f7c65e5b2c31288b31f1d3d151d629340330
[INFO] [stderr] WARNING: Your kernel does not support swap limit capabilities or the cgroup is not mounted. Memory limited without swap.
[INFO] running `Command { std: "docker" "start" "-a" "2c5b37872a824f050c995cc11a62f7c65e5b2c31288b31f1d3d151d629340330", kill_on_drop: false }`
[INFO] [stderr]    Compiling proc-macro2 v1.0.10
[INFO] [stderr]    Compiling cc v1.0.50
[INFO] [stderr]    Compiling libc v0.2.69
[INFO] [stderr]    Compiling syn v1.0.17
[INFO] [stderr]    Compiling failure_derive v0.1.7
[INFO] [stderr]    Compiling rustc-demangle v0.1.16
[INFO] [stderr]    Compiling peg-runtime v0.6.2
[INFO] [stderr]    Compiling cfg-if v0.1.10
[INFO] [stderr]    Compiling quote v1.0.3
[INFO] [stderr]    Compiling backtrace-sys v0.1.35
[INFO] [stderr]    Compiling peg-macros v0.6.2
[INFO] [stderr]    Compiling backtrace v0.3.46
[INFO] [stderr]    Compiling peg v0.6.2
[INFO] [stderr]    Compiling synstructure v0.12.3
[INFO] [stderr]    Compiling failure v0.1.7
[INFO] [stderr]    Compiling neoshell v0.1.0 (/opt/rustwide/workdir)
[INFO] [stdout] error: undefined rule `typename`
[INFO] [stdout]   --> src/neoshell/parser/grammar.rs:10:11
[INFO] [stdout]    |
[INFO] [stdout] 10 |             = "|>" typename()
[INFO] [stdout]    |                    ^^^^^^^^
[INFO] [stdout] 
[INFO] [stdout] 
[INFO] [stdout] error: undefined rule `typename`
[INFO] [stdout]   --> src/neoshell/parser/grammar.rs:12:6
[INFO] [stdout]    |
[INFO] [stdout] 12 |             = typename() "|>"
[INFO] [stdout]    |               ^^^^^^^^
[INFO] [stdout] 
[INFO] [stdout] 
[INFO] [stdout] error: undefined rule `identifier`
[INFO] [stdout]   --> src/neoshell/parser/grammar.rs:18:12
[INFO] [stdout]    |
[INFO] [stdout] 18 |             = "'" _ identifier() _ desc_pipe_input()? _ desc_pipe_output()? _ desc_arg()* _ ";"
[INFO] [stdout]    |                     ^^^^^^^^^^
[INFO] [stdout] 
[INFO] [stdout] 
[INFO] [stdout] error: undefined rule `typename`
[INFO] [stdout]   --> src/neoshell/parser/grammar.rs:22:11
[INFO] [stdout]    |
[INFO] [stdout] 22 |             = "|>" typename()
[INFO] [stdout]    |                    ^^^^^^^^
[INFO] [stdout] 
[INFO] [stdout] 
[INFO] [stdout] error: undefined rule `typename`
[INFO] [stdout]   --> src/neoshell/parser/grammar.rs:26:6
[INFO] [stdout]    |
[INFO] [stdout] 26 |             = typename() "|>"
[INFO] [stdout]    |               ^^^^^^^^
[INFO] [stdout] 
[INFO] [stdout] 
[INFO] [stdout] error: undefined rule `identifier`
[INFO] [stdout]   --> src/neoshell/parser/grammar.rs:38:10
[INFO] [stdout]    |
[INFO] [stdout] 38 |             = "'" identifier() _
[INFO] [stdout]    |                   ^^^^^^^^^^
[INFO] [stdout] 
[INFO] [stdout] 
[INFO] [stdout] error: undefined rule `semi_sep`
[INFO] [stdout]   --> src/neoshell/parser/grammar.rs:44:35
[INFO] [stdout]    |
[INFO] [stdout] 44 |             = "[" _ desc_arg_with_def() ** semi_sep() _ "]" _
[INFO] [stdout]    |                                            ^^^^^^^^
[INFO] [stdout] 
[INFO] [stdout] 
[INFO] [stdout] error: undefined rule `some_value`
[INFO] [stdout]   --> src/neoshell/parser/grammar.rs:74:35
[INFO] [stdout]    |
[INFO] [stdout] 74 |             = desc_arg_pos_without_def() _ some_value()
[INFO] [stdout]    |                                            ^^^^^^^^^^
[INFO] [stdout] 
[INFO] [stdout] 
[INFO] [stdout] error: undefined rule `identifier`
[INFO] [stdout]   --> src/neoshell/parser/grammar.rs:76:6
[INFO] [stdout]    |
[INFO] [stdout] 76 |             = identifier() _ typename()
[INFO] [stdout]    |               ^^^^^^^^^^
[INFO] [stdout] 
[INFO] [stdout] 
[INFO] [stdout] error: undefined rule `typename`
[INFO] [stdout]   --> src/neoshell/parser/grammar.rs:76:21
[INFO] [stdout]    |
[INFO] [stdout] 76 |             = identifier() _ typename()
[INFO] [stdout]    |                              ^^^^^^^^
[INFO] [stdout] 
[INFO] [stdout] 
[INFO] [stdout] error: undefined rule `some_value`
[INFO] [stdout]   --> src/neoshell/parser/grammar.rs:80:40
[INFO] [stdout]    |
[INFO] [stdout] 80 |             = desc_arg_pos_list_without_def() _ some_value()
[INFO] [stdout]    |                                                 ^^^^^^^^^^
[INFO] [stdout] 
[INFO] [stdout] 
[INFO] [stdout] error: undefined rule `identifier`
[INFO] [stdout]   --> src/neoshell/parser/grammar.rs:82:6
[INFO] [stdout]    |
[INFO] [stdout] 82 |             = identifier() "..." _ typename()
[INFO] [stdout]    |               ^^^^^^^^^^
[INFO] [stdout] 
[INFO] [stdout] 
[INFO] [stdout] error: undefined rule `typename`
[INFO] [stdout]   --> src/neoshell/parser/grammar.rs:82:27
[INFO] [stdout]    |
[INFO] [stdout] 82 |             = identifier() "..." _ typename()
[INFO] [stdout]    |                                    ^^^^^^^^
[INFO] [stdout] 
[INFO] [stdout] 
[INFO] [stdout] error: undefined rule `some_value`
[INFO] [stdout]   --> src/neoshell/parser/grammar.rs:86:36
[INFO] [stdout]    |
[INFO] [stdout] 86 |             = desc_arg_flag_without_def() _ some_value() _ some_value()
[INFO] [stdout]    |                                             ^^^^^^^^^^
[INFO] [stdout] 
[INFO] [stdout] 
[INFO] [stdout] error: undefined rule `some_value`
[INFO] [stdout]   --> src/neoshell/parser/grammar.rs:86:51
[INFO] [stdout]    |
[INFO] [stdout] 86 |             = desc_arg_flag_without_def() _ some_value() _ some_value()
[INFO] [stdout]    |                                                            ^^^^^^^^^^
[INFO] [stdout] 
[INFO] [stdout] 
[INFO] [stdout] error: undefined rule `identifier`
[INFO] [stdout]   --> src/neoshell/parser/grammar.rs:88:10
[INFO] [stdout]    |
[INFO] [stdout] 88 |             = "/" identifier()
[INFO] [stdout]    |                   ^^^^^^^^^^
[INFO] [stdout] 
[INFO] [stdout] 
[INFO] [stdout] error: undefined rule `some_value`
[INFO] [stdout]   --> src/neoshell/parser/grammar.rs:92:35
[INFO] [stdout]    |
[INFO] [stdout] 92 |             = desc_arg_opt_without_def() _ some_value()
[INFO] [stdout]    |                                            ^^^^^^^^^^
[INFO] [stdout] 
[INFO] [stdout] 
[INFO] [stdout] error: undefined rule `identifier`
[INFO] [stdout]   --> src/neoshell/parser/grammar.rs:94:6
[INFO] [stdout]    |
[INFO] [stdout] 94 |             = identifier() _ "=" _ typename()
[INFO] [stdout]    |               ^^^^^^^^^^
[INFO] [stdout] 
[INFO] [stdout] 
[INFO] [stdout] error: undefined rule `typename`
[INFO] [stdout]   --> src/neoshell/parser/grammar.rs:94:27
[INFO] [stdout]    |
[INFO] [stdout] 94 |             = identifier() _ "=" _ typename()
[INFO] [stdout]    |                                    ^^^^^^^^
[INFO] [stdout] 
[INFO] [stdout] 
[INFO] [stdout] error: undefined rule `some_value`
[INFO] [stdout]   --> src/neoshell/parser/grammar.rs:98:36
[INFO] [stdout]    |
[INFO] [stdout] 98 |             = desc_arg_list_without_def() _ some_value()
[INFO] [stdout]    |                                             ^^^^^^^^^^
[INFO] [stdout] 
[INFO] [stdout] 
[INFO] [stdout] error: undefined rule `identifier`
[INFO] [stdout]    --> src/neoshell/parser/grammar.rs:100:6
[INFO] [stdout]     |
[INFO] [stdout] 100 |             = identifier() "[]" _ "=" _ typneame()
[INFO] [stdout]     |               ^^^^^^^^^^
[INFO] [stdout] 
[INFO] [stdout] 
[INFO] [stdout] error: undefined rule `typneame`
[INFO] [stdout]    --> src/neoshell/parser/grammar.rs:100:32
[INFO] [stdout]     |
[INFO] [stdout] 100 |             = identifier() "[]" _ "=" _ typneame()
[INFO] [stdout]     |                                         ^^^^^^^^
[INFO] [stdout] 
[INFO] [stdout] 
[INFO] [stdout] error: undefined rule `some_value`
[INFO] [stdout]    --> src/neoshell/parser/grammar.rs:104:38
[INFO] [stdout]     |
[INFO] [stdout] 104 |             = desc_arg_choice_without_def() _ some_value()
[INFO] [stdout]     |                                               ^^^^^^^^^^
[INFO] [stdout] 
[INFO] [stdout] 
[INFO] [stdout] error: undefined rule `identifier`
[INFO] [stdout]    --> src/neoshell/parser/grammar.rs:106:6
[INFO] [stdout]     |
[INFO] [stdout] 106 |             = identifier() _ "->" _ some_value() ** comma_sep()
[INFO] [stdout]     |               ^^^^^^^^^^
[INFO] [stdout] 
[INFO] [stdout] 
[INFO] [stdout] error: undefined rule `comma_sep`
[INFO] [stdout]    --> src/neoshell/parser/grammar.rs:106:44
[INFO] [stdout]     |
[INFO] [stdout] 106 |             = identifier() _ "->" _ some_value() ** comma_sep()
[INFO] [stdout]     |                                                     ^^^^^^^^^
[INFO] [stdout] 
[INFO] [stdout] 
[INFO] [stdout] error: undefined rule `some_value`
[INFO] [stdout]    --> src/neoshell/parser/grammar.rs:106:28
[INFO] [stdout]     |
[INFO] [stdout] 106 |             = identifier() _ "->" _ some_value() ** comma_sep()
[INFO] [stdout]     |                                     ^^^^^^^^^^
[INFO] [stdout] 
[INFO] [stdout] 
[INFO] [stdout] error: undefined rule `some_value`
[INFO] [stdout]    --> src/neoshell/parser/grammar.rs:110:39
[INFO] [stdout]     |
[INFO] [stdout] 110 |             = desc_arg_nchoice_without_def() _ some_value()
[INFO] [stdout]     |                                                ^^^^^^^^^^
[INFO] [stdout] 
[INFO] [stdout] 
[INFO] [stdout] error: undefined rule `identifier`
[INFO] [stdout]    --> src/neoshell/parser/grammar.rs:112:6
[INFO] [stdout]     |
[INFO] [stdout] 112 |             = identifier() _ "->" _ some_name_pair_value() ** comma_sep()
[INFO] [stdout]     |               ^^^^^^^^^^
[INFO] [stdout] 
[INFO] [stdout] 
[INFO] [stdout] error: undefined rule `comma_sep`
[INFO] [stdout]    --> src/neoshell/parser/grammar.rs:112:54
[INFO] [stdout]     |
[INFO] [stdout] 112 |             = identifier() _ "->" _ some_name_pair_value() ** comma_sep()
[INFO] [stdout]     |                                                               ^^^^^^^^^
[INFO] [stdout] 
[INFO] [stdout] 
[INFO] [stdout] error: undefined rule `some_name_pair_value`
[INFO] [stdout]    --> src/neoshell/parser/grammar.rs:112:28
[INFO] [stdout]     |
[INFO] [stdout] 112 |             = identifier() _ "->" _ some_name_pair_value() ** comma_sep()
[INFO] [stdout]     |                                     ^^^^^^^^^^^^^^^^^^^^
[INFO] [stdout] 
[INFO] [stdout] 
[INFO] [stdout] error: undefined rule `some_value`
[INFO] [stdout]    --> src/neoshell/parser/grammar.rs:116:39
[INFO] [stdout]     |
[INFO] [stdout] 116 |             = desc_arg_mchoice_without_def() _ some_value()
[INFO] [stdout]     |                                                ^^^^^^^^^^
[INFO] [stdout] 
[INFO] [stdout] 
[INFO] [stdout] error: undefined rule `identifier`
[INFO] [stdout]    --> src/neoshell/parser/grammar.rs:118:6
[INFO] [stdout]     |
[INFO] [stdout] 118 |             = identifier() _ "=>" _ some_value() ** comma_sep()
[INFO] [stdout]     |               ^^^^^^^^^^
[INFO] [stdout] 
[INFO] [stdout] 
[INFO] [stdout] error: undefined rule `comma_sep`
[INFO] [stdout]    --> src/neoshell/parser/grammar.rs:118:44
[INFO] [stdout]     |
[INFO] [stdout] 118 |             = identifier() _ "=>" _ some_value() ** comma_sep()
[INFO] [stdout]     |                                                     ^^^^^^^^^
[INFO] [stdout] 
[INFO] [stdout] 
[INFO] [stdout] error: undefined rule `some_value`
[INFO] [stdout]    --> src/neoshell/parser/grammar.rs:118:28
[INFO] [stdout]     |
[INFO] [stdout] 118 |             = identifier() _ "=>" _ some_value() ** comma_sep()
[INFO] [stdout]     |                                     ^^^^^^^^^^
[INFO] [stdout] 
[INFO] [stdout] 
[INFO] [stdout] error: undefined rule `some_value`
[INFO] [stdout]    --> src/neoshell/parser/grammar.rs:122:40
[INFO] [stdout]     |
[INFO] [stdout] 122 |             = desc_arg_nmchoice_without_def() _ some_value()
[INFO] [stdout]     |                                                 ^^^^^^^^^^
[INFO] [stdout] 
[INFO] [stdout] 
[INFO] [stdout] error: undefined rule `identifier`
[INFO] [stdout]    --> src/neoshell/parser/grammar.rs:124:6
[INFO] [stdout]     |
[INFO] [stdout] 124 |             = identifier() _ "=>" _ some_name_pair_value() ** comma_sep()
[INFO] [stdout]     |               ^^^^^^^^^^
[INFO] [stdout] 
[INFO] [stdout] 
[INFO] [stdout] error: undefined rule `comma_sep`
[INFO] [stdout]    --> src/neoshell/parser/grammar.rs:124:54
[INFO] [stdout]     |
[INFO] [stdout] 124 |             = identifier() _ "=>" _ some_name_pair_value() ** comma_sep()
[INFO] [stdout]     |                                                               ^^^^^^^^^
[INFO] [stdout] 
[INFO] [stdout] 
[INFO] [stdout] error: undefined rule `some_name_pair_value`
[INFO] [stdout]    --> src/neoshell/parser/grammar.rs:124:28
[INFO] [stdout]     |
[INFO] [stdout] 124 |             = identifier() _ "=>" _ some_name_pair_value() ** comma_sep()
[INFO] [stdout]     |                                     ^^^^^^^^^^^^^^^^^^^^
[INFO] [stdout] 
[INFO] [stdout] 
[INFO] [stdout] error[E0404]: expected trait, found derive macro `Hash`
[INFO] [stdout]    --> src/neoshell/parser/ast.rs:187:6
[INFO] [stdout]     |
[INFO] [stdout] 187 | impl Hash for AstBlock {
[INFO] [stdout]     |      ^^^^ not a trait
[INFO] [stdout]     |
[INFO] [stdout] help: consider importing one of these items instead
[INFO] [stdout]     |
[INFO] [stdout] 5   | use core::hash::Hash;
[INFO] [stdout]     |
[INFO] [stdout] 5   | use std::hash::Hash;
[INFO] [stdout]     |
[INFO] [stdout] 
[INFO] [stdout] 
[INFO] [stdout] error[E0405]: cannot find trait `Hasher` in this scope
[INFO] [stdout]    --> src/neoshell/parser/ast.rs:188:13
[INFO] [stdout]     |
[INFO] [stdout] 188 |     fn hash<H: Hasher>(&self, _: &mut H) {
[INFO] [stdout]     |                ^^^^^^ not found in this scope
[INFO] [stdout]     |
[INFO] [stdout] help: consider importing one of these items
[INFO] [stdout]     |
[INFO] [stdout] 5   | use core::hash::Hasher;
[INFO] [stdout]     |
[INFO] [stdout] 5   | use std::hash::Hasher;
[INFO] [stdout]     |
[INFO] [stdout] 
[INFO] [stdout] 
[INFO] [stdout] error[E0425]: cannot find function `file` in module `ns_parser`
[INFO] [stdout]   --> src/main.rs:39:26
[INFO] [stdout]    |
[INFO] [stdout] 39 |     let ast = ns_parser::file(SRC);
[INFO] [stdout]    |                          ^^^^ not found in `ns_parser`
[INFO] [stdout] 
[INFO] [stdout] 
[INFO] [stdout] error: aborting due to 41 previous errors
[INFO] [stdout] 
[INFO] [stdout] 
[INFO] [stdout] Some errors have detailed explanations: E0404, E0405, E0425.
[INFO] [stdout] 
[INFO] [stdout] For more information about an error, try `rustc --explain E0404`.
[INFO] [stdout] 
[INFO] [stderr] error: could not compile `neoshell`
[INFO] [stderr] 
[INFO] [stderr] To learn more, run the command again with --verbose.
[INFO] running `Command { std: "docker" "inspect" "2c5b37872a824f050c995cc11a62f7c65e5b2c31288b31f1d3d151d629340330", kill_on_drop: false }`
[INFO] running `Command { std: "docker" "rm" "-f" "2c5b37872a824f050c995cc11a62f7c65e5b2c31288b31f1d3d151d629340330", kill_on_drop: false }`
[INFO] [stdout] 2c5b37872a824f050c995cc11a62f7c65e5b2c31288b31f1d3d151d629340330
